of 54939024?
0
What is the hundred thousands digit of 1484406278?
4
What is the ten thousands digit of 290833572?
3
What is the ten thousands digit of 21755455?
5
What is the millions digit of 17159637?
7
What is the units digit of 292571459?
9
What is the tens digit of 980344978?
7
What is the millions digit of 708348959?
8
What is the hundreds digit of 109867731?
7
What is the millions digit of 277931831?
7
What is the thousands digit of 7192636?
2
What is the tens digit of 42062206?
0
What is the ten thousands digit of 1358231948?
3
What is the tens digit of 54871164?
6
What is the millions digit of 583238319?
3
What is the ten millions digit of 1640956874?
4
What is the hundred millions digit of 330846387?
3
What is the thousands digit of 642079722?
9
What is the hundreds digit of 24166389?
3
What is the ten millions digit of 343303485?
4
What is the hundred thousands digit of 14045876?
0
What is the thousands digit of 5506260?
6
What is the ten millions digit of 69532466?
6
What is the tens digit of 1860905638?
3
What is the hundreds digit of 345794935?
9
What is the hundreds digit of 2021407187?
1
What is the millions digit of 267840407?
7
What is the hundred thousands digit of 2946269443?
2
What is the ten millions digit of 2681579581?
8
What is the ten millions digit of 132985752?
3
What is the units digit of 13059672?
2
What is the ten thousands digit of 2181502?
8
What is the tens digit of 663107213?
1
What is the ten millions digit of 13712806?
1
What is the ten millions digit of 58477589?
5
What is the tens digit of 100383742?
4
What is the ten millions digit of 757083777?
5
What is the tens digit of 256773296?
9
What is the thousands digit of 42924524?
4
What is the ten millions digit of 2321263178?
2
What is the hundred thousands digit of 1167885496?
8
What is the hundreds digit of 12774646?
6
What is the hundred thousands digit of 2391461621?
4
What is the hundred millions digit of 139617373?
1
What is the units digit of 308341823?
3
What is the thousands digit of 33797054?
7
What is the units digit of 147344387?
7
What is the tens digit of 2273975891?
9
What is the ten millions digit of 770339802?
7
What is the thousands digit of 4180467103?
7
What is the hundreds digit of 303518266?
2
What is the ten millions digit of 2576376803?
7
What is the ten millions digit of 77607615?
7
What is the units digit of 30910337?
7
What is the hundreds digit of 78744039?
0
What is the billions digit of 2061464175?
2
What is the millions digit of 684408722?
4
What is the hundreds digit of 252038552?
5
What is the hundred millions digit of 747162186?
7
What is the hundreds digit of 14631484?
4
What is the hundreds digit of 38443506?
5
What is the hundreds digit of 39291541?
5
What is the hundred millions digit of 153597516?
1
What is the units digit of 1225709617?
7
What is the millions digit of 5103259837?
3
What is the ten thousands digit of 36389445?
8
What is the hundreds digit of 775847724?
7
What is the tens digit of 12079045?
4
What is the ten thousands digit of 52231177?
3
What is the hundred thousands digit of 2819099838?
0
What is the thousands digit of 41129396?
9
What is the ten millions digit of 179797745?
7
What is the hundred thousands digit of 401636341?
6
What is the millions digit of 84138874?
4
What is the ten millions digit of 6280914770?
8
What is the ten millions digit of 21295372?
2
What is the hundreds digit of 3522719524?
5
What is the thousands digit of 971200083?
0
What is the ten millions digit of 1190597079?
9
What is the ten thousands digit of 38249963?
4
What is the ten thousands digit of 16787351?
8
What is the ten millions digit of 2839199848?
3
What is the hundreds digit of 1057217234?
2
What is the hundred millions digit of 290842077?
2
What is the hundred thousands digit of 70539469?
5
What is the billions digit of 1202654312?
1
What is the millions digit of 46663577?
6
What is the hundred thousands digit of 306822731?
8
What is the hundred millions digit of 790782933?
7
What is the hundreds digit of 53798931?
9
What is the units digit of 2871293727?
7
What is the ten millions digit of 151494856?
5
What is the tens digit of 1750505849?
4
What is the thousands digit of 107685996?
5
What is the units digit of 374418419?
9
What is the ten thousands digit of 1067117556?
1
What is the millions digit of 118824585?
8
What is the hundred millions digit of 2181439937?
1
What is the units digit of 830242772?
2
What is the hundred millions digit of 144731049?
1
What is the hundred millions digit of 157262857?
1
What is the tens digit of 35879871?
7
What is the hundred millions digit of 3396726381?
3
What is the ten thousands digit of 12430377?
3
What is the ten thousands digit of 1785337784?
3
What is the hundreds digit of 518165897?
8
What is the units digit of 14057799?
9
What is the hundred thousands digit of 97417553?
4
What is the millions digit of 633977361?
3
What is the hundreds digit of 3672265146?
1
What is the millions digit of 186693580?
6
What is the tens digit of 3840938315?
1
What is the tens digit of 350999213?
1
What is the tens digit of 28572095?
9
What is the hundred millions digit of 1405740612?
4
What is the hundreds digit of 216979505?
5
What is the millions digit of 340391755?
0
What is the ten millions digit of 1010322098?
1
What is the hundreds digit of 253040881?
8
What is the ten millions digit of 15990508?
1
What is the units digit of 1101171841?
1
What is the tens digit of 3920415837?
3
What is the hundreds digit of 13444714?
7
What is the millions digit of 564956638?
4
What is the hundreds digit of 10512840?
8
What is the hundred millions digit of 7185973638?
1
What is the units digit of 3298596117?
7
What is the hundred thousands digit of 726672182?
6
What is the tens digit of 1626479292?
9
What is the tens digit of 40238151?
5
What is the ten thousands digit of 128253470?
5
What is the millions digit of 5636083641?
6
What is the ten millions digit of 5933590185?
3
What is the ten millions digit of 65920370?
6
What is the ten thousands digit of 3276274521?
7
What is the ten millions digit of 68540649?
6
What is the units digit of 181069986?
6
What is the thousands digit of 83283131?
3
What is the ten thousands digit of 99340428?
4
What is the ten millions digit of 227420240?
2
What is the ten millions digit of 75709806?
7
What is the ten thousands digit of 6618686215?
8
What is the ten thousands digit of 126287886?
8
What is the hundred thousands digit of 158880693?
8
What is the ten thousands digit of 181898342?
9
What is the millions digit of 231795345?
1
What is the units digit of 4948357313?
3
What is the millions digit of 2884976591?
4
What is the units digit of 331180158?
8
What is the hundred millions digit of 121748688?
1
What is the units digit of 168629283?
3
What is the units digit of 514312741?
1
What is the hundred thousands digit of 74816821?
8
What is the hundred thousands digit of 552280899?
2
What is the hundreds digit of 31017722?
7
What is the thousands digit of 6924195857?
5
What is the millions digit of 42118393?
2
What is the hundred millions digit of 171341288?
1
What is the units digit of 53841117?
7
What is the tens digit of 5755327128?
2
What is the thousands digit of 80610799?
0
What is the thousands digit of 50420020?
0
What is the hundred thousands digit of 184845001?
8
What is the tens digit of 363004730?
3
What is the ten thousands digit of 950691316?
9
What is the ten millions digit of 431484352?
3
What is the tens digit of 523386671?
7
What is the hundreds digit of 263848578?
5
What is the hundred millions digit of 266760696?
2
What is the units digit of 85405094?
4
What is the thousands digit of 4351129182?
9
What is the ten millions digit of 27279391?
2
What is the hundreds digit of 662921992?
9
What is the billions digit of 2025841474?
2
What is the hundred thousands digit of 1597420479?
4
What is the tens digit of 71953304?
0
What is the ten thousands digit of 80579459?
7
What is the tens digit of 1039508261?
6
What is the thousands digit of 162728052?
8
What is the hundreds digit of 729026777?
7
What is the hundreds digit of 198181949?
9
What is the units digit of 56105074?
4
What is the ten millions digit of 53817584?
5
What is the ten millions di